d by 579.
564
What is the remainder when 18794 is divided by 1107?
1082
Calculate the remainder when 3421 is divided by 1576.
269
What is the remainder when 473184 is divided by 2939?
5
Calculate the remainder when 51187 is divided by 47.
4
What is the remainder when 285647 is divided by 95211?
14
Calculate the remainder when 2218 is divided by 476.
314
What is the remainder when 260 is divided by 236?
24
What is the remainder when 2480 is divided by 2367?
113
Calculate the remainder when 18281 is divided by 508.
501
What is the remainder when 4245 is divided by 130?
85
What is the remainder when 1704 is divided by 739?
226
What is the remainder when 31739 is divided by 102?
17
What is the remainder when 1667 is divided by 331?
12
What is the remainder when 1912 is divided by 475?
12
Calculate the remainder when 13391 is divided by 125.
16
Calculate the remainder when 8156 is divided by 39.
5
What is the remainder when 290364 is divided by 180?
24
Calculate the remainder when 23597 is divided by 25.
22
What is the remainder when 381 is divided by 169?
43
What is the remainder when 11940 is divided by 1490?
20
Calculate the remainder when 19767 is divided by 22.
11
Calculate the remainder when 42266 is divided by 25.
16
What is the remainder when 112199 is divided by 217?
10
Calculate the remainder when 3463810 is divided by 18.
16
What is the remainder when 12528 is divided by 662?
612
What is the remainder when 433173 is divided by 340?
13
What is the remainder when 2342 is divided by 167?
4
Calculate the remainder when 5604 is divided by 2559.
486
Calculate the remainder when 8131 is divided by 50.
31
What is the remainder when 2154 is divided by 33?
9
What is the remainder when 39904 is divided by 2212?
88
What is the remainder when 635 is divided by 81?
68
Calculate the remainder when 10402 is divided by 3463.
13
What is the remainder when 106778 is divided by 20?
18
What is the remainder when 4589 is divided by 181?
64
Calculate the remainder when 138019 is divided by 1864.
83
What is the remainder when 130752 is divided by 467?
459
What is the remainder when 50128 is divided by 16707?
7
What is the remainder when 147103 is divided by 17?
2
What is the remainder when 8210 is divided by 2450?
860
Calculate the remainder when 4079 is divided by 171.
146
Calculate the remainder when 7497 is divided by 2497.
6
What is the remainder when 2186 is divided by 1092?
2
What is the remainder when 6289883 is divided by 758?
757
What is the remainder when 13306 is divided by 283?
5
Calculate the remainder when 898 is divided by 447.
4
What is the remainder when 12654 is divided by 12647?
7
Calculate the remainder when 845514 is divided by 208.
202
What is the remainder when 4289 is divided by 2035?
219
What is the remainder when 16313 is divided by 128?
57
What is the remainder when 4516679 is divided by 140?
139
What is the remainder when 913 is divided by 878?
35
Calculate the remainder when 6714 is divided by 33.
15
What is the remainder when 119805 is divided by 12?
9
What is the remainder when 248148 is divided by 181?
178
Calculate the remainder when 4106 is divided by 354.
212
What is the remainder when 339566 is divided by 241?
238
What is the remainder when 11376 is divided by 33?
24
What is the remainder when 34382 is divided by 1490?
112
What is the remainder when 29555 is divided by 365?
355
What is the remainder when 232 is divided by 49?
36
Calculate the remainder when 4366 is divided by 9.
1
Calculate the remainder when 121420 is divided by 121392.
28
Calculate the remainder when 1624 is divided by 204.
196
Calculate the remainder when 7379 is divided by 15.
14
What is the remainder when 12748 is divided by 4239?
31
Calculate the remainder when 183349 is divided by 26.
23
What is the remainder when 28184 is divided by 28175?
9
What is the remainder when 10979 is divided by 238?
31
What is the remainder when 8127 is divided by 24?
15
Calculate the remainder when 112101 is divided by 14011.
13
What is the remainder when 20397 is divided by 157?
144
What is the remainder when 968 is divided by 19?
18
Calculate the remainder when 14297 is divided by 22.
19
What is the remainder when 8036 is divided by 1161?
1070
Calculate the remainder when 1269 is divided by 91.
86
What is the remainder when 14689 is divided by 6573?
1543
Calculate the remainder when 120915 is divided by 40286.
57
Calculate the remainder when 370 is divided by 171.
28
What is the remainder when 1071676 is divided by 32?
28
Calculate the remainder when 15644 is divided by 689.
486
Calculate the remainder when 5360 is divided by 257.
220
Calculate the remainder when 11090 is divided by 1210.
200
Calculate the remainder when 6957 is divided by 2271.
144
What is the remainder when 191770 is divided by 31961?
4
Calculate the remainder when 30679 is divided by 8.
7
Calculate the remainder when 921 is divided by 206.
97
What is the remainder when 116 is divided by 67?
49
Calculate the remainder when 223837 is divided by 223824.
13
What is the remainder when 5943 is divided by 610?
453
What is the remainder when 54524 is divided by 599?
15
What is the remainder when 36251 is divided by 71?
41
Calculate the remainder when 319102 is divided by 1152.
1150
Calculate the remainder when 5369575 is divided by 491.
490
Calculate the remainder when 4427 is divided by 1125.
1052
Calculate the remainder when 542 is divided by 272.
270
What is the remainder when 20277 is divided by 4912?
629
Calculate the remainder when 23883 is divided by 772.
723
What is the remainder when 19263 is divided by 17?
2
Calculate the remainder when 2244454 is divided by 29.
28
Calculate the remainder when 9752 is divided by 15.
2
What is the remainder when 13794 is divided by 127?
78
Calculate the remainder when 39268 is divided by 468.
424
Calculate the remainder when 1413 is divided by 469.
6
What is the remainder when 164036 is divided by 82013?
10
What is the remainder when 23562 is divided by 737?
715
Calculate the remainder when 1267489 is divided by 1330.
1329
Calculate the remainder when 1064 is divided by 665.
399
Calculate the remainder when 111720 is divided by 22.
4
Calculate the remainder when 468161 is divided by 12004.
5
What is the remainder when 16928 is divided by 11?
10
Calculate the remainder when 21528 is divided by 359.
347
What is the remainder when 764 is divided by 420?
344
What is the remainder when 4132 is divided by 59?
2
Calculate the remainder when 12369 is divided by 35.
14
What is the remainder when 141434 is divided by 25?
9
Calculate the remainder when 5768 is divided by 1694.
686
What is the remainder when 18114 is divided by 15?
9
Calculate the remainder when 1282 is divided by 101.
70
Calculate the remainder when 7478 is divided by 503.
436
Calculate the remainder when 19527 is divided by 9757.
13
Calculate the remainder when 1000 is divided by 472.
56
What is the remainder when 474325 is divided by 194?
189
Calculate the remainder when 6954 is divided by 534.
12
Calculate the remainder when 18891 is divided by 484.
15
Calculate the remainder when 4484 is divided by 45.
29
Calculate the remainder when 11352 is divided by 3736.
144
What is the remainder when 3727 is divided by 121?
97
What is the remainder when 29638 is divided by 2117?
0
What is the remainder when 5509 is divided by 291?
271
Calculate the remainder when 2300 is divided by 2256.
44
Calculate the remainder when 222714 is divided by 174.
168
Calculate the remainder when 177706 is divided by 354.
352
What is the remainder when 521 is divided by 396?
125
What is the remainder when 199518 is divided by 43?
41
What is the remainder when 3760 is divided by 96?
16
What is the remainder when 7326 is divided by 610?
6
Calculate the remainder when 199629 is divided by 199618.
11
Calculate the remainder when 25546 is divided by 1417.
40
What is the remainder when 12946 is divided by 1435?
31
Calculate the remainder when 133237 is divided by 50.
37
What is the remainder when 1021 is divided by 304?
109
What is the remainder when 5038 is divided by 201?
13
Calculate the remainder when 10392 is divided by 1551.
1086
What is the remainder when 9631 is divided by 4779?
73
Calculate the remainder when 1444 is divided by 53